4 = 65*i - 25*i. List the prime factors of i.
2, 593
Suppose 33464 = 28*d - 54484. Suppose 7*k = 2753 + d. List the prime factors of k.
2, 421
Suppose 3*b = -7 + 31. Suppose -692 = -b*y + 796. Let f = y + -114. What are the prime factors of f?
2, 3
Let y(x) = -3*x - 13 - 3*x - x**3 - 7*x**2 + x**2. Let f be y(-5). What are the prime factors of f/3*(315/(-10))/3?
2, 7
Suppose -7963 = -c - 3*j, 0 = 5*c - 166*j + 171*j - 39795. What are the prime factors of c?
73, 109
Let f be (10/(-2))/((-16)/(-5 + -11)). Let t(w) = 12 + w + w - 4*w. What are the prime factors of t(f)?
2, 11
Let t = -338 + -745. Let q = -254 - t. List the prime factors of q.
829
Suppose -7*x + 25*x = 100198 - 23266. What are the prime factors of x?
2, 2137
Let g(r) = -r**3 + 72*r**2 - 113*r - 928. List the prime factors of g(69).
2, 7, 397
Let j(k) = -k**3 + 2*k**2 + 10*k + 9. Let u be j(-2). Let n(g) = 173*g + 19. What are the prime factors of n(u)?
2, 13, 17
Let f be (-8 + 54/6)/(2/4). List the prime factors of 164/4*(2 + f).
2, 41
Let w = 145 + -157. List the prime factors of (w/(-16))/((-2)/(-784)).
2, 3, 7
Let r(k) = -64*k**3 + k**2 + 4*k + 3. Suppose -3*p + 4*s = -0*s - 2, -4*p - 4 = -2*s. List the prime factors of r(p).
7, 73
Let a(h) = -327*h + 93. Suppose 0 = -12*w + 13*w + 3. What are the prime factors of a(w)?
2, 3, 179
Let v(o) = -73*o - 2. Suppose 0 = 5*a - 5*h + 15, 6 = 3*a + 5*h + 15. Let n be v(a). Let j = -155 + n. What are the prime factors of j?
2, 31
List the prime factors of (984620/(-30))/13*(-2 + -1).
2, 7, 541
Suppose 3*y - y = 2*i - 6, 2*i + 3*y - 11 = 0. Suppose -12 = -4*b - i. Let m(k) = 3*k - 3. What are the prime factors of m(b)?
3
Let t(b) = -50*b**2 - 3512*b - 41. List the prime factors of t(-31).
7, 19, 457
Let f = 244 + -127. Suppose u + 127 = -f. Let k = -90 - u. What are the prime factors of k?
2, 7, 11
Suppose 13 = -2*s + 41. Let d(n) = 2*n**2 + 8*n + 12. List the prime factors of d(s).
2, 3, 43
Suppose -90661 = -60*m - 345573 + 1581632. List the prime factors of m.
2, 691
Let d(t) be the second derivative of t**5/20 - t**4/3 + 3*t**2/2 - 2*t. Let h be d(3). Let l(w) = 5*w**2 + 4*w + 1. What are the prime factors of l(h)?
157
List the prime factors of (-5880 - -58)/(1 + -2).
2, 41, 71
Let j(q) = 4*q**2 + 173*q + 2440. What are the prime factors of j(-13)?
3, 17
Let s(x) = -x**3 + 10*x**2 - 3*x - 18. Suppose 44*w - 12*w = 224. What are the prime factors of s(w)?
2, 3
Let m(h) = 263*h**2 - 9*h + 7. Let x be m(2). Suppose 4*u - x = 1223. List the prime factors of u.
2, 283
Let l(i) = -428*i - 4773. List the prime factors of l(-14).
23, 53
Let k(i) = -i**3 + 51*i**2 - 89*i + 135. What are the prime factors of k(36)?
3, 17, 107
Suppose -6*h = -8*h + 1068. Let f = h - 295. List the prime factors of f.
239
Let h be 3062/(-14) + 40/(-140). What are the prime factors of (-2418)/(-4)*(-146)/h?
13, 31
Suppose -8899 - 79787 = -13*a. What are the prime factors of a?
2, 3, 379
Let m = 38583 - 37483. What are the prime factors of m?
2, 5, 11
Let x(v) = -4*v - 17. Let m(u) be the second derivative of u**5/20 - u**4/3 + u**3/6 - 11*u**2/2 + 15*u. Let c be m(4). What are the prime factors of x(c)?
11
Let y be (-13910)/(-91) - 1/(-7). Let s = 347 - y. List the prime factors of s.
2, 97
Let i(t) = t**3 - 6*t**2 + t - 1. Let j be i(6). Suppose -9*s + 4 = -8*s, 4*s - 22 = -3*k. List the prime factors of (-4 + j)*k/((-4)/(-170)).
5, 17
Suppose 61975 = 17*z - 18299. What are the prime factors of z?
2, 3, 787
What are the prime factors of 1/(3/36420)*((-546)/35 - -20)?
2, 11, 607
Let r = 16675 + -11610. List the prime factors of r.
5, 1013
Let m = 447 + -279. Suppose 2*k - m = 646. Suppose 176 = 3*v + 3*c - 61, 0 = 5*v + 2*c - k. What are the prime factors of v?
83
Let c be (-28)/(-12) + -2 - 7112/(-12). Suppose 2*n + 3*i = 1168, 3*i + c = -8*n + 9*n. What are the prime factors of n?
587
List the prime factors of 1 - (-1 - -8) - -4074.
2, 3, 113
Suppose 3*c + 40695 = -100*d + 102*d, -d + 20349 = -2*c. List the prime factors of d.
3, 6781
Let q(l) = -23*l**3 - 17*l**2 - 3*l + 1. Let h(b) = -47*b**3 - 35*b**2 - 6*b + 2. Let m(r) = -3*h(r) + 7*q(r). List the prime factors of m(-4).
1069
Suppose 2*a = 4*m - a - 19, -m = 4*a. Suppose -4*i + l + 1699 = 0, m*i - 2*l - 1705 = l. Suppose 0*u = 4*u - i. List the prime factors of u.
2, 53
Let c(t) be the second derivative of t**5/20 + t**4/4 + 7*t**2/2 - 3*t. Let r be ((-25)/(-20))/5 - (-33)/12. List the prime factors of c(r).
61
Suppose 0 = -0*s - s + 3428 + 3631. What are the prime factors of s?
3, 13, 181
Let t = 54 - 69. Let w be 3/t + -246*28/(-40). Suppose 8*c + w = 1004. List the prime factors of c.
2, 13
Let k(x) = -3*x + 39. Let v be k(0). Let u = v + -57. List the prime factors of 267/u*-3*2.
89
Let j = -4568 + 11995. What are the prime factors of j?
7, 1061
Suppose 7*z - 24 + 3 = 0. Let s(t) = t + 3. Let j be s(-7). What are the prime factors of 246/j*(0 - 4/z)?
2, 41
Suppose k - 11 - 2 = 5*o, 3*o - 9 = -5*k. Suppose -k*g = -17*g. Suppose g = -10*z - 8*z + 3798. List the prime factors of z.
211
Suppose 0*p = 4*p - 3650 - 6498. List the prime factors of p.
43, 59
Let y(u) = 5 - 11*u + 3 + 2*u - u + 1175*u**3 + 3*u. What are the prime factors of y(1)?
2, 3, 7
What are the prime factors of 47523 - 148 - 84/(-4)?
2, 17, 41
Let r = -55 + 63. Suppose -18 = -r*z + 14. What are the prime factors of (z - 2)/((20/(-165))/(-2))?
3, 11
Let j(t) = -2*t**3 - 2*t**2 + t - 2. Let n be j(-2). Let i = -2401 - -2906. Suppose -k = n*k - i. What are the prime factors of k?
101
Suppose -1 = -3*o + 2. Let y be (-20)/(-6) + (2/3 - o). Suppose -p + v - 2 = -3, 3*v = -y*p + 33. List the prime factors of p.
2, 3
Let o(u) = -198*u - 1710. List the prime factors of o(-43).
2, 3, 7
Suppose 45 = -4*b + 4*n - 3, 0 = -3*n + 3. Let m(l) be the second derivative of l**4/12 + 5*l**3/3 + 15*l**2/2 - 3*l. What are the prime factors of m(b)?
2, 13
Let j(l) = 8*l + 162. Let i be j(-20). Suppose 0 = 3*o + 6*t - i*t - 302, 4*o - 5*t = 413. What are the prime factors of o?
2, 3, 17
What are the prime factors of -7 + 39/13 + 42945?
23, 1867
Let g(u) = 58*u + 108. Let m(w) = -39*w - 73. Let o(j) = 5*g(j) + 7*m(j). What are the prime factors of o(19)?
2, 11
Let k(r) = 614*r**2 + 143*r - 1028. List the prime factors of k(7).
30059
Let m(x) = -26*x + 23. Let k be m(0). Suppose 5*a + k = 3, 2*p + 5*a - 3052 = 0. What are the prime factors of p?
2, 3
Let b = 1705 - -3479. What are the prime factors of b?
2, 3
Let x = 2065 + -1999. Suppose 3*h + 74 = -46. Let z = x + h. What are the prime factors of z?
2, 13
Suppose -3*o + 3*h = -4338 - 7632, 8*h - 6*h = 0. List the prime factors of o.
2, 3, 5, 7, 19
Let k = -4063 + 7583. What are the prime factors of k?
2, 5, 11
What are the prime factors of (-6 + -910)*(-135)/20?
3, 229
Let g be (12 + -16)*(-10)/4. Let n(a) = g*a**2 - a**3 - a + 41 - 68 + 7*a. List the prime factors of n(8).
149
Suppose 3*m + 418 + 262 = -2*q, -3*q = 5*m + 1022. Let p(j) = 7*j**3 + 3*j**2 - 3*j. Let y be p(-3). Let u = y - q. What are the prime factors of u?
181
Let p be (-3 - (1 - 1))*112/(-24). Suppose p*h - 2525 = 583. What are the prime factors of h?
2, 3, 37
What are the prime factors of 0/(-20) + (10220 + -5)/1?
3, 5, 227
Suppose -1234865 = -84*n + 3807739. List the prime factors of n.
173, 347
Let l = -54 - -58. Suppose 2*t = -p + l, -3*t = 5*p - t - 12. List the prime factors of -1 - (p/7 + (-1222)/14).
2, 43
Suppose -3*s - 5*z + 13268 = -13833, 3*s - 27121 = 5*z. What are the prime factors of s?
7, 1291
Let k be (-12)/(-3) + (0 - 3). Let x be 513 - (5 + -6)*(k + 0). Let h = -356 + x. List the prime factors of h.
2, 79
Suppose 0 = -3*j - 4*m - 4, -j + 2*j = -3*m - 8. Let v be j/(-1)*5/(-10). Suppose 0*h = -5*o + v*h + 197, -107 = -3*o + 4*h. List the prime factors of o.
41
Suppose s - v - 3155 = 0, 5*s + 809*v - 15751 = 806*v. What are the prime factors of s?
2, 197
Suppose 4*o - 3*o + 12 = 0. Let c be (-16)/3 - (-8)/o. What are the prime factors of (330 + -1)*c/(-21)?
2, 47
Suppose -669 = -4*w + 1831. Let p = w - 441. Let s = p + -98. What are the prime factors of s?
2, 43
What are the prime factors of 15/(-25) - (-208990)/25?
13, 643
Let s = 18 - 15. Suppose 0*l - 4*h + 14 = l, -2*h = s*l - 22. What are the prime factors of (0 + (-3)/